 d?
2
Let i be (-1)/(-2) - 94/(-4). Let y = -8 + 17. Let o = y + -6. What is the greatest common divisor of i and o?
3
Let g = 1 + -5. Let q(i) = i**3 + 4*i**2 - 3*i + 4. Let a be q(g). Calculate the highest common divisor of a and 8.
8
Let w(n) = n**3 - 48*n**2 - 50*n + 79. Let c be w(49). Let h be ((-2)/(-2))/((-2)/(-20)). Calculate the greatest common factor of c and h.
10
Suppose -2*x + 5 = -9. Suppose h - 28 - 21 = 0. What is the highest common divisor of h and x?
7
Let s = -64 + 127. What is the greatest common factor of 9 and s?
9
Let o(q) = q + 7. Let u = -15 + 9. Let h(n) = n**3 + 6*n**2 - n - 6. Let w be h(u). Let c be o(w). What is the highest common divisor of c and 35?
7
Let u(b) = -b**2 - 10*b + 6. Let q(r) = r**2. Let y(z) = 2*q(z) + u(z). Let a be y(10). What is the greatest common factor of 42 and a?
6
Suppose 2*d - 2*y - 52 = 0, -4 = 4*y + 8. What is the greatest common factor of 23 and d?
23
Let t be 120 + ((-4)/(-10) - 27/(-45)). Calculate the highest common divisor of t and 22.
11
Suppose 0*f - 5*l = 4*f - 165, 2*f - 2*l - 60 = 0. What is the highest common divisor of 7 and f?
7
Let b(t) = t + 4. Let v be b(2). Let s(k) = k**2 + 6*k + 4. Let w be s(-6). Let d(l) = 7*l + 2. Let a be d(w). Calculate the highest common divisor of a and v.
6
Let j = -5 - -6. Suppose -5*f = 5*n - 130, f - 5*n - 3 + j = 0. Calculate the greatest common divisor of 33 and f.
11
Suppose 12*m = 10*m + 2*g + 230, 0 = 4*m - 2*g - 468. Calculate the highest common factor of m and 17.
17
Let r = 4 - 4. Suppose 15 = 3*q, 2*d + 4*q - 3 - 317 = r. Let y = -106 + d. Calculate the highest common divisor of y and 11.
11
Let u = 55 + -37. Let g(d) = -d**3 + 5*d**2 + 2*d - 6. Let q be g(5). Suppose 0 = -x - q*x + 90. What is the greatest common divisor of x and u?
18
Let t(q) = q**2 + 8*q. Let a be t(-8). Suppose i + a = 13. Let v be (-2)/13 + 41/i. What is the highest common divisor of v and 1?
1
Suppose -r - 89 = -4*n, -5*r = -n - 15 + 61. What is the greatest common factor of n and 105?
21
Suppose 0*t = -3*j - t + 34, 0 = -5*j + 5*t + 50. Calculate the highest common divisor of j and 121.
11
Suppose -102 = -g + 4*g. Let v = g - -98. Let y(a) = -a**3 + 3*a**2 + 4*a - 4. Let m be y(3). Calculate the highest common factor of m and v.
8
Suppose -2*a + 0*p + 19 = -p, -17 = -a + 3*p. Suppose -i + r = -16, r = -i - 0*r + a. Calculate the greatest common factor of i and 60.
12
Suppose 3*o = -0*o - 3. Let w = o + 2. What is the highest common factor of 2 and w?
1
Let g(t) = -2*t**3 - 6*t**2 - 2*t + 8. Let m be g(-4). What is the greatest common factor of m and 80?
16
Let l = 57 - 30. Let j(q) = q**3 + q - 1. Let w be j(2). Suppose 4*g - 12 = k, -g - 2*g = k - w. What is the greatest common divisor of l and g?
3
Suppose 6*k + 2*a - 15 = 3*k, 15 = 3*k - 3*a. What is the greatest common divisor of 25 and k?
5
Let g be ((-9)/(-3))/(-3) - -1. Suppose 4*x - 20 - 32 = g. Calculate the greatest common divisor of 117 and x.
13
Let r be 122/6 + (-1)/3. Suppose -2102 + 494 = 4*t. Let x be t/(-8) + 6/(-24). What is the greatest common factor of x and r?
10
Let n(j) = 2*j + 6 - 5 - 54*j**3 - 33*j**3 - 44*j**3. Let t be n(-1). What is the greatest common divisor of t and 26?
26
Suppose 3*g + 122 = n, -3*n + 112 = -2*n - g. Let h be n + 2/4*-2. Let m = h - 58. Calculate the highest common factor of m and 32.
16
Let i be (-6)/((-6)/(-245)) + -1. Let y = -141 - i. Calculate the greatest common divisor of y and 15.
15
Let g = 6 + 5. What is the greatest common factor of 55 and g?
11
Let m be 1/(-1) - (-468)/18. Calculate the highest common divisor of m and 5.
5
Let a(h) = -7*h**3 + h**2 + h + 1. Let b be a(-1). Let p = 7 - b. Let l be p/((-2)/4) + 3. What is the highest common divisor of l and 20?
5
Let x(y) = 7*y**2 + 15*y + 3. Let p be x(-3). Calculate the highest common factor of 42 and p.
21
Let v(z) = 2*z - 2. Let t be v(3). Let f be 606/8 + 1/t. Suppose 5*b - 3*b = 4*n - 72, b - f = -5*n. Calculate the highest common divisor of 8 and n.
8
Let w = 10 + -1. Let l = w + -2. Suppose 4*r = -o + l, 6*o - 24 = 4*o - 3*r. Calculate the greatest common factor of o and 165.
15
Suppose x + 5*i + 10 = -4*x, -3*x - 1 = -2*i. Suppose -2*t + 4 = 2*t. Let m be 13 + ((-3)/t - x). Calculate the highest common factor of 44 and m.
11
Let a be -3 - (-3 + 4 + -679). Let t = 1060 - a. Suppose -2*c = 3*c - t. What is the highest common factor of 7 and c?
7
Let i(w) = w**2 - 4*w + 4. Let a be i(5). Let m(v) = -v**3 + 8*v**2 + 12*v + 5. Let s be m(a). Calculate the greatest common factor of 80 and s.
16
Let p be 16/(-12)*((-6)/4 - 0). Calculate the highest common factor of 1 and p.
1
Suppose -300 = -9*s + 4*s. Calculate the highest common divisor of s and 20.
20
Suppose 2*x = x + 7. Suppose 2*g + g - 153 = 0. Let d = g + -30. Calculate the greatest common factor of x and d.
7
Suppose 12 = v - 10. What is the highest common factor of v and 66?
22
Let z(g) = 3*g + 7. Let d be z(-5). Let u = -2 - d. Suppose -3*y + 75 = -u. What is the highest common divisor of y and 18?
9
Let v be 2 + 1/(2 + -3). Let o be (2 - -15) + -1 - v. Calculate the greatest common factor of 105 and o.
15
Suppose -4*g = 4*j - 5 - 71, 2*g + 47 = 3*j. What is the highest common divisor of j and 17?
17
Let v(h) = 4*h**3 - h**2 + h - 1. Let g be v(1). Suppose -4*x = -1 - g. Let l be 9*(x + (-1)/3). Calculate the greatest common factor of 15 and l.
3
Suppose 6*i - 2*i = 76. Let k = i + -9. Suppose k*h - 5*h - 715 = 0. Calculate the greatest common factor of 13 and h.
13
Let h = 38 + -20. Let z be (6/8)/((-1)/(-12)). What is the greatest common divisor of z and h?
9
Suppose -2*z = -z - 11. Let n = 12 - z. What is the greatest common divisor of 1 and n?
1
Let f = -62 + 21. Let l be f/(-4) - (-2)/(-8). Suppose -5*z = l, 110 = -0*t + 2*t - 5*z. What is the greatest common factor of 10 and t?
10
Suppose -5*a = g + g + 2, 5*g + 5 = -2*a. Suppose 3*n - 42 = -a*n. Let b = -10 + n. What is the greatest common divisor of b and 8?
4
Suppose 4*i = -4*r + 280, 4*i + 110 = 4*r - 2*r. Calculate the greatest common divisor of r and 39.
13
Let h be (1 + -3 - -6) + 4. What is the highest common divisor of 8 and h?
8
Let a(w) = -w + 55. Let i be a(10). What is the greatest common factor of 15 and i?
15
Suppose -2*m + 75 = m. Let f = m - 17. Calculate the greatest common factor of 32 and f.
8
Let x(h) = -h**2 + 5*h - 1. Let q be x(4). Suppose -70 - 50 = -q*g. Calculate the highest common factor of 8 and g.
8
Let a(c) = c + 8. Suppose 0 = 2*x - 6*x. Suppose 3*l - l = x. Let y be a(l). What is the greatest common factor of y and 8?
8
Let s = 336 - 112. Let l = -14 - -42. Calculate the greatest common divisor of l and s.
28
Suppose 3*x - z = 127, -6*x + 4*x + 87 = -3*z. What is the greatest common divisor of x and 294?
42
Let g = 157 - 77. Suppose 0*d - 4*d + 3*p + 160 = 0, 3*p + g = 2*d. Suppose -2*z = 2*z - d. What is the greatest common factor of z and 70?
10
Let h = 64 - 47. What is the greatest common factor of 34 and h?
17
Let k be 2*(-14)/(-4) - 3. Calculate the highest common divisor of 36 and k.
4
Suppose 14 - 197 = -b - 3*l, -b + 178 = -2*l. What is the highest common divisor of b and 20?
20
Let x be (-2)/7 - (-3798)/63. What is the greatest common divisor of x and 90?
30
Let f(b) = b**3 + 4*b**2 - 5*b - 6. Let m be f(-3). What is the greatest common divisor of 6 and m?
6
Let j(i) = i + 12. Let y be j(0). Suppose -5*a + 3*a + 6 = 0. What is the greatest common divisor of a and y?
3
Let v(m) = -4*m - 63. Let z be v(-16). Let n = 0 + 9. What is the greatest common factor of z and n?
1
Suppose 147 = 9*u - 87. What is the greatest common divisor of 13 and u?
13
Let z be ((-10)/(-3))/(4/66). Let d be (-1)/(((-6)/(-22))/(-3)). Calculate the highest common factor of z and d.
11
Let l = 82 + -42. Calculate the highest common factor of l and 24.
8
Let p = 208 + -142. Let z = -498 - -504. What is the greatest common divisor of z and p?
6
Let s(m) = 87*m. Let o be s(5). Suppose 4*k = o + 5. Calculate the greatest common factor of k and 22.
22
Let p = -67 - -82. Calculate the greatest common factor of 10 and p.
5
Suppose -5*v + 250 = 5*n, -v + 5 + 51 = 4*n. Calculate the highest common divisor of v and 6.
6
Suppose -3*v - 123 = -2*p, -p + 5*v - 5 = -49. Let l